{"id":15,"date":"2017-02-13T20:21:01","date_gmt":"2017-02-13T20:21:01","guid":{"rendered":"http:\/\/s273898281.mialojamiento.es\/?page_id=15"},"modified":"2017-06-05T07:57:59","modified_gmt":"2017-06-05T07:57:59","slug":"gestion-de-derechos","status":"publish","type":"page","link":"https:\/\/transcinema.es\/va\/gestion-de-derechos\/","title":{"rendered":"Gesti\u00f3 de drets"},"content":{"rendered":"<strong>Transcinema<\/strong>, gestiona en aquells llocs que per motius fonamentalment econ\u00f2mics, no puguen accedir a la projecci\u00f3 de les pel\u00b7l\u00edcules en format professional de cine en 35 mm o Cin\u00e8ma Digital 2K, perqu\u00e8 puguen efectuar la seua projecci\u00f3 p\u00fablica en format DVD o Blue Ray, amb la corresponent concessi\u00f3 de drets d&#8217;exhibici\u00f3.<\/p>\n<p>Les pel\u00b7l\u00edcules en estos suports, DVD o Blue Ray no tenen la qualitat d&#8217;imatge que els nostres servicis habituals de cine en 35 mm o Cin\u00e8ma Digital 2K.<\/p>\n<p><img loading=\"lazy\" decoding=\"async\" class=\"aligncenter wp-image-116 size-large\" src=\"https:\/\/i0.wp.com\/transcinema.es\/wp-content\/uploads\/2017\/02\/gestion-derechos.jpg?resize=1024%2C650&#038;ssl=1\" alt=\"\" width=\"1024\" height=\"650\" srcset=\"https:\/\/i0.wp.com\/transcinema.es\/wp-content\/uploads\/2017\/02\/gestion-derechos.jpg?w=1024&amp;ssl=1 1024w, https:\/\/i0.wp.com\/transcinema.es\/wp-content\/uploads\/2017\/02\/gestion-derechos.jpg?resize=320%2C203&amp;ssl=1 320w, https:\/\/i0.wp.com\/transcinema.es\/wp-content\/uploads\/2017\/02\/gestion-derechos.jpg?resize=600%2C381&amp;ssl=1 600w, https:\/\/i0.wp.com\/transcinema.es\/wp-content\/uploads\/2017\/02\/gestion-derechos.jpg?resize=300%2C190&amp;ssl=1 300w, https:\/\/i0.wp.com\/transcinema.es\/wp-content\/uploads\/2017\/02\/gestion-derechos.jpg?resize=768%2C488&amp;ssl=1 768w\" sizes=\"(max-width: 1000px) 100vw, 1000px\" data-recalc-dims=\"1\" \/><\/p>\n<p>Tamb\u00e9 ha de tindre&#8217;s en compte que al tractar-se de material amb la qualificaci\u00f3 de Non-Theatrical, l&#8217;entitat que projecte les pel\u00b7l\u00edcules en este format no pot\u00a0percebre cap import en concepte d&#8217;entrada.<\/p>\n<p>En tot cas, la distribu\u00efdora no permet en cap concepte projectar pel\u00b7l\u00edcules en p\u00fablic en format DVD o Blue Ray amb material adquirit en comer\u00e7os o llogat en v\u00eddeo\u2013clubs. Estos servicis s\u00f3n exclusius per a l&#8217;\u00e0mbit dom\u00e8stic, incorrent en problemes d&#8217;\u00e0mbit legal la no observaci\u00f3 d&#8217;esta premissa.<\/p>\n<p>Tamb\u00e9 ha de con\u00e9ixer-se que com \u00e9s un material no professional, els t\u00edtols que s&#8217;incorporen a la llista d&#8217;exhibici\u00f3 p\u00fablica tenen una finestra de protecci\u00f3 d&#8217;uns quants mesos des de la seua data d&#8217;estrena, per lo que les pel\u00b7l\u00edcules disponibles no s\u00f3n tan noves.","protected":false},"excerpt":{"rendered":"<p>Transcinema, gestiona en aquells llocs que per motius fonamentalment econ\u00f2mics, no puguen accedir a la projecci\u00f3 de les pel\u00b7l\u00edcules en format professional de cine en 35 mm o Cin\u00e8ma Digital 2K, perqu\u00e8 puguen efectuar la seua projecci\u00f3 p\u00fablica en format DVD o Blue Ray, amb la corresponent concessi\u00f3 de drets d&#8217;exhibici\u00f3. Les pel\u00b7l\u00edcules en estosAmpliar +<\/p>\n","protected":false},"author":1,"featured_media":0,"parent":0,"menu_order":0,"comment_status":"closed","ping_status":"closed","template":"","meta":{"_genesis_hide_title":false,"_genesis_hide_breadcrumbs":false,"_genesis_hide_singular_image":false,"_genesis_hide_footer_widgets":false,"_genesis_custom_body_class":"","_genesis_custom_post_class":"","_genesis_layout":"","footnotes":""},"jetpack_sharing_enabled":true,"_links":{"self":[{"href":"https:\/\/transcinema.es\/va\/wp-json\/wp\/v2\/pages\/15"}],"collection":[{"href":"https:\/\/transcinema.es\/va\/wp-json\/wp\/v2\/pages"}],"about":[{"href":"https:\/\/transcinema.es\/va\/wp-json\/wp\/v2\/types\/page"}],"author":[{"embeddable":true,"href":"https:\/\/transcinema.es\/va\/wp-json\/wp\/v2\/users\/1"}],"replies":[{"embeddable":true,"href":"https:\/\/transcinema.es\/va\/wp-json\/wp\/v2\/comments?post=15"}],"version-history":[{"count":4,"href":"https:\/\/transcinema.es\/va\/wp-json\/wp\/v2\/pages\/15\/revisions"}],"predecessor-version":[{"id":135,"href":"https:\/\/transcinema.es\/va\/wp-json\/wp\/v2\/pages\/15\/revisions\/135"}],"wp:attachment":[{"href":"https:\/\/transcinema.es\/va\/wp-json\/wp\/v2\/media?parent=15"}],"curies":[{"name":"wp","href":"https:\/\/api.w.org\/{rel}","templated":true}]}}

Gestió de drets

<strong>Transcinema</strong>, gestiona en aquells llocs que per motius fonamentalment econòmics, no puguen accedir a la projecció de les pel·lícules en format professional de cine en 35 mm o Cinèma Digital 2K, perquè puguen efectuar la seua projecció pública en format DVD o Blue Ray, amb la corresponent concessió de drets d&#8217;exhibició.</p>
<p>Les pel·lícules en estos suports, DVD o Blue Ray no tenen la qualitat d&#8217;imatge que els nostres servicis habituals de cine en 35 mm o Cinèma Digital 2K.</p>
<p><img loading="lazy" decoding="async" class="aligncenter wp-image-116 size-large" src="https://i0.wp.com/transcinema.es/wp-content/uploads/2017/02/gestion-derechos.jpg?resize=1024%2C650&#038;ssl=1" alt="" width="1024" height="650" srcset="https://i0.wp.com/transcinema.es/wp-content/uploads/2017/02/gestion-derechos.jpg?w=1024&amp;ssl=1 1024w, https://i0.wp.com/transcinema.es/wp-content/uploads/2017/02/gestion-derechos.jpg?resize=320%2C203&amp;ssl=1 320w, https://i0.wp.com/transcinema.es/wp-content/uploads/2017/02/gestion-derechos.jpg?resize=600%2C381&amp;ssl=1 600w, https://i0.wp.com/transcinema.es/wp-content/uploads/2017/02/gestion-derechos.jpg?resize=300%2C190&amp;ssl=1 300w, https://i0.wp.com/transcinema.es/wp-content/uploads/2017/02/gestion-derechos.jpg?resize=768%2C488&amp;ssl=1 768w" sizes="(max-width: 1000px) 100vw, 1000px" data-recalc-dims="1" /></p>
<p>També ha de tindre&#8217;s en compte que al tractar-se de material amb la qualificació de Non-Theatrical, l&#8217;entitat que projecte les pel·lícules en este format no pot percebre cap import en concepte d&#8217;entrada.</p>
<p>En tot cas, la distribuïdora no permet en cap concepte projectar pel·lícules en públic en format DVD o Blue Ray amb material adquirit en comerços o llogat en vídeo–clubs. Estos servicis són exclusius per a l&#8217;àmbit domèstic, incorrent en problemes d&#8217;àmbit legal la no observació d&#8217;esta premissa.</p>
<p>També ha de conéixer-se que com és un material no professional, els títols que s&#8217;incorporen a la llista d&#8217;exhibició pública tenen una finestra de protecció d&#8217;uns quants mesos des de la seua data d&#8217;estrena, per lo que les pel·lícules disponibles no són tan noves.

<p>Transcinema, gestiona en aquells llocs que per motius fonamentalment econòmics, no puguen accedir a la projecció de les pel·lícules en format professional de cine en 35 mm o Cinèma Digital 2K, perquè puguen efectuar la seua projecció pública en format DVD o Blue Ray, amb la corresponent concessió de drets d&#8217;exhibició. Les pel·lícules en estosAmpliar +</p>
